3, 7, 229
Let x(l) = -2*l + 16. Let u be x(14). Let f(o) be the second derivative of o**4/12 - o**3 - 5*o**2/2 + o - 16. List the prime factors of f(u).
211
Let r = -27 + 32. Suppose 0 = -r*v + 8*v - 39. Suppose -v = -5*h + 72. List the prime factors of h.
17
Let g(c) = -1809*c + 2992. What are the prime factors of g(-23)?
103, 433
Let l = 57289 - 37593. What are the prime factors of l?
2, 1231
Let a(k) = -k**2 + 5*k + 2. Let g be a(5). Let x(i) = -3 + 5 + 3*i + 30*i**g + 7. What are the prime factors of x(-2)?
3, 41
Let k(t) = -4*t - 9. Let z be k(-6). Let h be 3/(z/(-55)) + -3. List the prime factors of 8/(-28) - 522/h.
37
Suppose 0 = 3*u + i + 1285, 5*u + i + 2151 = -3*i. Let q = u - -1210. What are the prime factors of q?
3, 29
Suppose -18*n = -14*n - 12. Suppose 4*y + 3*p = -9, 0 - n = p. Suppose k + 4*i - i - 48 = y, -2 = -i. List the prime factors of k.
2, 3, 7
Let z = -259 - -660. Let a be 42/8 - (-5)/(-20). Suppose -l = -4*f - 97, 4*f = -a*l + 3*f + z. List the prime factors of l.
3
Suppose 0 = -45*o - 41*o + 641990. What are the prime factors of o?
5, 1493
Let r be (24/(-15))/(1 - (-14)/(-10)). Suppose 2*c = n + 874, -c = -r*c + n + 1309. List the prime factors of c.
3, 5, 29
Suppose 5*q = 99*q + 170356 - 1417830. What are the prime factors of q?
23, 577
Suppose 0 = -9*u - u + 30. Suppose -4*b + 17 = f - 10, 2*f - 14 = -u*b. Suppose -4*n = -40 - b. List the prime factors of n.
2, 3
Suppose 5*m - 313973 = q - 28135, 2*q + 171500 = 3*m. What are the prime factors of m?
2, 3, 397
Let f(t) = -3*t - 43. Let o be f(-15). Suppose -o*n - 317 + 1177 = 0. Let w = n - 226. List the prime factors of w.
2, 3, 17
Suppose -3*k + 2*k + 317 = 0. Let r = -137 + k. What are the prime factors of r?
2, 3, 5
Suppose 0 = -4*m + 387 + 85. Let u = m + -148. List the prime factors of (-112)/14*(2 + u).
2, 7
Suppose -r = -48 - 5. Suppose -6*f + r + 13 = 0. Suppose 0 = -6*o + f*o - 340. What are the prime factors of o?
2, 17
Let y(d) = -31*d**2 + 26*d**2 - 4 + 14*d**2 + 6*d. What are the prime factors of y(5)?
251
Suppose 5*o + 1106 = 5*w + 81, w + 5 = 0. What are the prime factors of -5 + o*(3 + -6)?
5
Suppose 8*d = 2*s + 33426 + 26030, -3*d - 2*s + 22307 = 0. What are the prime factors of d?
7433
Let r(x) = x**3 - 3*x**2 + 2. Let l be r(3). Suppose -v - 62 = 4*k, v + l = 2*v. List the prime factors of (-3 + k/3)/((-6)/108).
2, 3, 5
Let f = 16 + 18. Suppose -3*d + 55 = f. Let g = d + 17. What are the prime factors of g?
2, 3
Let b be 9/2 - 5/(-10). Suppose -75 = -b*i + 2025. List the prime factors of i.
2, 3, 5, 7
Let o = 329 - -251. Suppose -o = -18*v + 2246. List the prime factors of v.
157
Suppose -4*r - 5*w = 4, -7*r + 6*r + 3*w - 18 = 0. Let h(u) = 2*u**2 - u - 7. What are the prime factors of h(r)?
71
Suppose 2*s = -4*l + 20544, -4*l - 3*s + 2871 = -17677. What are the prime factors of l?
2, 17, 151
Let a be (-2 + 1)*88/(-4). Suppose -h + 12 = -21. What are the prime factors of (-9)/h*-393 + (-4)/a?
107
Let c be (-7)/(105/174)*(-30)/12. Suppose -24*i - 3275 = -c*i. List the prime factors of i.
5, 131
Let t = 14309 - 9897. List the prime factors of t.
2, 1103
Let w(l) be the second derivative of 11*l**3/6 + 57*l**2/2 + 27*l. What are the prime factors of w(22)?
13, 23
Let q be (9/(-6))/(4 - (-14)/(-4)). Let r(w) = 4*w**2 - w. List the prime factors of r(q).
3, 13
Suppose -363 = 3*r - j - 58, -4*j = -5*r - 506. Let w(f) = -60*f + 19. Let n be w(-3). Let m = n + r. List the prime factors of m.
97
Suppose 56*w = 55*w + 5. Suppose 3*d = -4*s - 11, w*s - 3*d + 3 = 2*s. List the prime factors of s + 84 - (-2 + 1 + -2).
5, 17
Let c(u) be the second derivative of -u**4/12 + 8*u**3/3 - u**2 - 556*u. Suppose 4 - 34 = -3*k. List the prime factors of c(k).
2, 29
Let t be -2*((-6)/(-2) - 2)/(-1). Suppose 3*u + 3*w = 1470, -498 = -t*u + u + 3*w. What are the prime factors of u?
2, 3, 41
List the prime factors of 31/((-1116)/(-54))*3898.
3, 1949
Let s = 600 - 597. What are the prime factors of 5 - s/((-9)/4542)?
7, 31
Let y = -55140 + 97958. What are the prime factors of y?
2, 79, 271
Let p(h) = -h**3 - 23*h**2 - 4*h - 7. Let m = -249 + 225. List the prime factors of p(m).
5, 7, 19
Let s = -2032 + 3600. Suppose -2*o - 5*j + 3158 = 2*o, -2*o + 3*j + s = 0. What are the prime factors of o?
787
Suppose -5*x - 2*v = 38, -2*x + 4*v - 8 = 2*x. What are the prime factors of ((-168)/18)/((-4)/x*-1)?
2, 7
Suppose 13*i = -44*i - 17*i + 3657228. List the prime factors of i.
2, 3, 8237
Let d be 1/2*6 + 1*97. Let c = d - 69. What are the prime factors of c?
31
Suppose -51*u = 19*u - 31*u - 516789. What are the prime factors of u?
3, 7, 631
Let h = 73 - -381. Let a be 2 + (-2422)/9 - (-2)/18. Let l = a + h. List the prime factors of l.
11, 17
Let a(w) = 3*w**3 - 24*w**2 - 1. Let c be a(8). What are the prime factors of 5 + 2 + -3 + (c - -342)?
3, 5, 23
Suppose -592813 = -195*t + 3614319 - 752512. What are the prime factors of t?
2, 43, 103
Let z = -7773 - -24681. List the prime factors of z.
2, 3, 1409
Suppose 4*y + 0*y - 12364 = -4*x, -5*x + 3091 = y. What are the prime factors of y?
11, 281
Suppose 29*i = -5988 + 169925. List the prime factors of i.
5653
List the prime factors of (-50479281)/(-1533) + (-3)/7.
2, 3, 7
Let w be 2 + 14 + (3 - 3). Suppose 2*s - w = -2*s. Suppose 0 = -2*b - s*c + 188 + 76, 0 = -3*b + c + 368. What are the prime factors of b?
2, 31
Suppose 3*i + 2*i = 5*c + 355, -5*i - 3*c + 323 = 0. Let z = i - 36. Suppose -z = -2*h + 3*y + 132, 9 = 3*y. List the prime factors of h.
2, 43
Suppose 19*o = 22*o - 795. Suppose g - o + 92 = -5*b, 5*g - 793 = -b. Suppose -2*r + 26 = -g. List the prime factors of r.
2, 23
Let w = 13762 - 3902. What are the prime factors of w?
2, 5, 17, 29
Suppose -5*t + 26624 = -2*k - 27064, 3*t - 4*k - 32210 = 0. List the prime factors of t.
2, 7, 13, 59
Let v = -5910 - -3386. Let g = 3615 + v. What are the prime factors of g?
1091
Suppose 2*s - 6147 - 16231 = -p, -4*s + 44762 = 5*p. List the prime factors of s.
2, 2797
Let i = -33 - -28. Let p be (36/(-15))/(1/i). Suppose 0 = 3*c + d - 218 - p, 0 = 4*c - d - 309. What are the prime factors of c?
7, 11
Suppose -3*h + 3*f + 558 = -4*h, 4*h - 5*f = -2198. Let p = -114 - h. List the prime factors of p.
2, 3, 73
Suppose 22816 = -19*p + 159977. What are the prime factors of p?
7219
Let u be (7 - 2) + 2660/2 - -5. Suppose -d + v = -u, 2 = 5*v + 12. List the prime factors of d.
2, 3, 223
Let d(o) = 675*o - 1242. What are the prime factors of d(5)?
3, 79
List the prime factors of (-496)/93*9/12 - -8995.
3, 37
Suppose -12699 - 5685 = -12*g. Let k = -718 + g. List the prime factors of k.
2, 11, 37
Let k(q) = -2*q**2 - 8*q - 6. Let i = -8 + 2. Let f be k(i). Let v = f - -75. List the prime factors of v.
3, 5
Suppose -5*q - 3*u = -2*u - 84858, 0 = 5*q + 2*u - 84861. What are the prime factors of q?
3, 5657
Suppose -1 + 13 = 4*i. Suppose s = 4*t - 2199, -i*s + 20 = s. Let b = t + -374. What are the prime factors of b?
3, 59
Suppose 5*i = -3*p + 55, -5*i - 70 - 35 = -5*p. Let w(z) = z**3 - 19*z**2 + 7*z + 53. What are the prime factors of w(p)?
593
Let w(a) = -a**3 + 24*a**2 + 2*a - 39. Suppose 238 - 70 = 7*i. What are the prime factors of w(i)?
3
Let c = 6514 + -731. List the prime factors of c.
5783
Let f be (0/(-2))/((-25)/(-25)). Suppose -3*y + 314 + 94 = f. List the prime factors of y.
2, 17
Let r = 100 - -88. Let k = r - -214. List the prime factors of k.
2, 3, 67
Let o = -9633 - -16053. What are the prime factors of o?
2, 3, 5, 107
List the prime factors of 632*-14*(10 - (-495)/(-44)).
2, 5, 7, 79
Suppose -6*t + 27 + 3 = 0. Suppose -w + 643 = 2*v, -2*w = -t*w - v + 1939. What are the prime factors of w?
647
Let o(d) = -111*d + 802. What are the prime factors of o(-13)?
5, 449
Let n(m) = -85*m**2 - 3*m - 7. Let g(l) = -83*l**2 - 2*l - 5. Let x(d) = -7*g(d) + 6*n(d). What are the prime factors of x(3)?
2, 5, 31
What are the prime factors of (-170585)/(-218) + -1 + (-6)/(-4)?
3, 29
Let x(s) be the third derivative of s**4/24 + 49*s**3/6 + 11*s**2. Let z(o) = o - 27. Let q be z(-2). What are the prime factors of x(q)?
2, 5
Suppose 0 = -l + 8 - 11. What are the prime factors of (47/3)/(l*(-7)/189)?
3, 47
Suppose 3*o + 4*g = -2*o + 675, 5*o - 2*g = 645. Let w = -128 + o. Suppose -w*q + 5*a - 259 = -5